ase 14) in base 13?
-a6bbb0
What is -102121102 (base 3) in base 5?
-232322
111111010010101 (base 2) to base 7
163322
What is 94b9e (base 16) in base 7?
5115020
63c5c (base 13) to base 8
537536
What is 3205600 (base 9) in base 14?
3297cc
What is 9251b (base 12) in base 10?
190823
What is 332560 (base 7) in base 3?
2222101021
What is -24104013 (base 5) in base 13?
-7a2b5
-1628768 (base 9) to base 11
-5691a7
What is 22111122201 (base 3) in base 8?
506773
Convert -1556b50 (base 12) to base 2.
-10000100100111111101100
1012313 (base 7) to base 10
120893
14246171 (base 8) to base 9
6063783
-14541241 (base 6) to base 8
-1745731
What is 101001000110100000001 (base 2) in base 5?
321044232
What is -12425436 (base 10) in base 11?
-7017461
Convert 41b35 (base 12) to base 15.
1a882
-210aa (base 11) to base 4
-13200031
2136364 (base 7) to base 2
111111110110110111
Convert -11111111010010110111 (base 2) to base 13.
-2a7c66
What is -1120211202211 (base 3) in base 15?
-119ce1
137ad8 (base 16) to base 9
2355180
-894399 (base 12) to base 15
-2d24e6
13422034 (base 9) to base 3
110110202001011
Convert 166706 (base 9) to base 11.
70726
Convert -3501435 (base 6) to base 10.
-179231
26382 (base 12) to base 9
78748
-33a503 (base 13) to base 5
-303104010
What is 185dde (base 15) in base 9?
2204602
Convert 32100302000 (base 4) to base 3.
21000221121022
2201121000222 (base 3) to base 4
11201221211
Convert -101110100101000011 (base 2) to base 11.
-120383
What is -122210002212 (base 3) in base 4?
-1111130231
Convert -270aa6 (base 14) to base 8.
-5106152
Convert -3251ca (base 13) to base 4.
-10200221301
1110101001 (base 4) to base 10
345153
What is 1116971 (base 10) in base 4?
10100230223
-40502041 (base 7) to base 11
-19a86a8
-34042100 (base 5) to base 16
-49282
-33104032 (base 5) to base 10
-284892
Convert -7f9d5 (base 16) to base 4.
-1333213111
231133331 (base 4) to base 9
313572
What is -20001023132 (base 4) in base 16?
-2012de
-32334033 (base 5) to base 3
-112002111211
What is dda48 (base 15) in base 5?
140014233
Convert -1296071 (base 10) to base 8.
-4743307
188639 (base 10) to base 16
2e0df
Convert 357359 (base 16) to base 3.
20120222010102
-25204103 (base 6) to base 8
-3055207
Convert 153829 (base 14) to base 13.
1cb922
What is -1521700 (base 8) in base 5?
-102411021
Convert 123331 (base 6) to base 11.
8410
-76736 (base 9) to base 13
-1a226
Convert -23627 (base 13) to base 5.
-4033020
1234368 (base 9) to base 3
1021011102022
What is 10100110011100000010 (base 2) in base 6?
22340054
What is -22210111000 (base 3) in base 7?
-1320510
Convert -a3970 (base 12) to base 15.
-435b9
-2012220100 (base 3) to base 9
-65810
Convert b3d28 (base 14) to base 13.
12235b
60793 (base 11) to base 12
43477
What is -2144214400 (base 5) in base 14?
-89b434
b59aac (base 14) to base 11
351030a
Convert -4343120 (base 6) to base 11.
-138181
Convert 11011000101001100010 (base 2) to base 14.
191574
What is -201221122112 (base 3) in base 7?
-3223553
Convert -25a59 (base 11) to base 14.
-d7bd
-127ba5 (base 13) to base 10
-445788
What is 204244455 (base 6) in base 4?
31213000103
156599 (base 12) to base 5
43114332
-5203522 (base 6) to base 13
-89849
104b76 (base 15) to base 14
162861
-62713 (base 13) to base 8
-531477
What is -2adc6 (base 14) in base 5?
-11410434
Convert 320454400 (base 6) to base 15.
7654ac
-2253235 (base 6) to base 7
-662306
Convert 20101202222 (base 3) to base 13.
4543a
What is -16c5b8 (base 15) in base 14?
-20a951
Convert -31352052 (base 6) to base 10.
-916736
What is 60152640 (base 7) in base 11?
2895932
Convert -50572aa (base 11) to base 3.
-121211020022122
Convert -13612b (base 13) to base 6.
-14025340
Convert 230472 (base 9) to base 15.
2ae15
Convert 19a8182 (base 12) to base 2.
10100110001110011110010
Convert 10000010010001011100100 (base 2) to base 4.
100102023210
-998719 (base 10) to base 13
-28c777
Convert 33033313201 (base 4) to base 8.
17176741
-189e50 (base 16) to base 10
-1613392
Convert -10000010011011011 (base 2) to base 14.
-1a49d
Convert -85011 (base 14) to base 7.
-2505021
2003003032 (base 4) to base 12
21a77a
Convert 255775 (base 9) to base 11.
a6656
Convert 1186166 (base 12) to base 13.
925923
What is 1104353 (base 6) in base 7?
320424
-126746c (base 15) to base 8
-62376770
Convert 33b85b (base 14) to base 5.
422314203
What is -1a0283 (base 16) in base 12?
-6a2543
55035023 (base 6) to base 15
2254b3
22203203132 (base 4) to base 10
2767070
5ceadd (base 16) to base 5
3024330222
Convert 159b0 (base 12) to base 13.
11037
What is 10132013 (base 4) in base 2?
100011110000111
329de (base 16) to base 13
734a2
Convert -21333063 (base 7) to base 13.
-4bac71
-3072b (base 13) to base 11
-5a323
-362262 (base 9) to base 7
-1566056
-99a2e (base 15) to base 7
-4102412
Convert 3441033 (base 6) to base 9.
288083
What is 916a2 (base 11) in base 5?
13241223
Convert -47362 (base 10) to base 15.
-e077
What is 377bb (base 14) in base 6?
2525333
Convert 70873 (base 9) to base 6.
555533
What is -110341160 (base 7) in base 12?
-228782b
10010101111100101101011 (base 2) to base 14
91c8d5
Convert 2552191 (base 11) to base 15.
5c5e45
What is -1114038 (base 9) in base 2?
-10010010011111000010
What is 1830397 (base 11) in base 9?
5751340
-100001100101 (base 3) to base 11
-111916
20113014 (base 5) to base 14
42640
What is 120202201211120 (base 3) in base 11?
4803901
Convert -41439 (base 13) to base 6.
-2302233
Convert -144603342 (base 7) to base 12.
-3285a29
Convert -332132121030 (base 4) to base 3.
-1010211001121010
-132441334 (base 5) to base 10
-671469
-21122220 (base 4) to base 14
-100ac
What is -604068 (base 9) in base 15?
-70cd2
What is 1121815 (base 9) in base 10?
605003
Convert 358c71 (base 15) to base 11.
149a183
Convert -727653 (base 8) to base 12.
-b7977
What is -1042431002 (base 5) in base 3?
-11100102121120
Convert -1222102103 (base 5) to base 7.
-33602336
Convert 98582 (base 16) to base 3.
1011200222012
What is 1010000001000001111 (base 2) in base 7?
2534605
Convert a9067 (base 11) to base 2.
100110101011111110
What is -1a641 (base 14) in base 9?
-112023
Convert -233413144 (base 5) to base 3.
-2000200001200
-3103545 (base 8) to base 2
-11001000011101100101
111100001022221 (base 3) to base 15
94ec1a
101022120111 (base 3) to base 8
614510
What is -20002001101100 (base 3) in base 7?
-36306024
What is -2040266 (base 7) in base 6?
-5130252
Convert -30213011223 (base 4) to base 11.
-19587a5
What is -1882b48 (base 14) in base 5?
-11102202124
Convert 2537330 (base 8) to base 10.
704216
12562065 (base 8) to base 9
5253778
Convert -15240342 (base 6) to base 2.
-10000010011001000110
Convert -14140575 (base 9) to base 12.
-24138ab
-181338 (base 10) to base 3
-100012202020
8be64 (base 15) to base 13
127942
101101111111011100000 (base 2) to base 15
1eb7e5
What is 3b1c2c (base 15) in base 8?
12655035
Convert -1110334121 (base 6) to base 12.
-405a341
-663261 (base 8) to base 2
-110110011010110001
Convert -20102122020 (base 3) to base 13.
-45801
What is 234179 (base 10) in base 8?
711303
What is 22730 (base 15) in base 10?
109620
Convert -141151441 (base 7) to base 4.
-203013203302
What is -5516511 (base 10) in base 15?
-73e7c6
Convert -433455 (base 8) to base 10.
-145197
Convert -10212112202 (base 3) to base 11.
-52296
What is -130011001 (base 4) in base 7?
-656206
What is 4564022 (base 8) in base 12?
4b906a
6707115 (base 9) to base 10
3607187
What is 1332051 (base 7) in base 2?
101010111101111011
Convert 122102412 (base 5) to base 10.
581607
What is 20333230132 (base 4) in base 14?
4554bc
Convert 64533 (base 11) to base 10.
93811
What is 110100110001111110 (base 2) in base 6?
4344514
What is 333010300 (base 4) in base 14?
6a21a
-12278840 (base 9) to base 14
-b287c4
1001000110011101000 (base 2) to base 8
1106350
-10045141 (base 6) to base 14
-76473
-533314212 (base 6) to base 9
-18622058
What is -154077 (base 9) in base 5?
-11013330
3b1615 (base 14) to base 16
1f20b3
33330441 (base 5) to base 13
a3264
-4c64b (base 15) to base 12
-b9545
Convert 12033221 (base 6) to base 7.
3132442
-4204040 (base 5) to base 10
-69270
-65440 (base 7) to base 12
-9561
Convert 33522042 (base 6) to base 10.
1021706
Convert -623036 (base 7) to base 8.
-320314
Convert 1010010010111101011110 (base 2) to base 15.
3